st the prime factors of f.
71
Let r be 1 + -2 + 2 + 91 + 6. Suppose 2*m - 107 = -5*h + r, h - 2*m - 29 = 0. List the prime factors of h.
3, 13
Suppose 5*f - 168 + 29 = 2*m, 4*m + 4*f = -320. Let p = 148 - m. List the prime factors of p.
3, 5
Suppose -15 = -2*d + 27. Let x be (2/(-2))/((-5)/100*-2). Let n = d + x. What are the prime factors of n?
11
Let w(p) = p**3 - 12*p**2 + 16*p - 6. Let y = -22 - -24. Suppose y*b = 5*t - b - 64, -2*t - 3*b + 13 = 0. What are the prime factors of w(t)?
7
Let c(q) = -61*q + 3. Let t be c(-2). Suppose -530 = -5*f + 4*i, 3*f - 215 = -2*i + t. List the prime factors of f.
2, 5, 11
Let u(k) = k + 21. Let x be u(-18). What are the prime factors of x + (-3)/((18/100)/(-3))?
53
Let t(w) = w**3 + 8*w**2 + 6*w + 1. Let p be t(-7). Let x(a) = -a + 12. Let z be x(p). Suppose z*q + 46 = 182. List the prime factors of q.
2, 17
Let l(z) = z**2 + 26*z - 26. Let r be l(-27). Let b(d) = 47*d + 13. List the prime factors of b(r).
2, 3, 5
Let u = 82 + -79. What are the prime factors of 12/(-6)*3/(u/(-23))?
2, 23
Let k = -151 - -152. Suppose 0 = 3*t - 0*t - 12. Let l = t + k. What are the prime factors of l?
5
Suppose -19 = -2*q + 13. Let l(s) = -s**2 + 23*s - 12. List the prime factors of l(q).
2, 5
What are the prime factors of -4*(-57)/(-6)*14/(-1)?
2, 7, 19
Let l = -3 + -4. Let f be (7 + l)/(1 + 1). Let s(w) = w**2 + 20. What are the prime factors of s(f)?
2, 5
Suppose 5*x + 7 = -t, 3*x - 5*t = -0*x - 21. Let r be 3 - (90 + x/(-1)). Let u = -60 - r. What are the prime factors of u?
29
Let t = 286 + -22. List the prime factors of t.
2, 3, 11
List the prime factors of (-14)/(-7) - (-3 - (-5 - -144)).
2, 3
Let m be 1/(-3) + 28/12. Let y = 212 - 224. What are the prime factors of 1/m + (-102)/y?
3
Suppose -6*r = -0*r - 462. What are the prime factors of 2 - (0 - (r - 3))?
2, 19
Let m(o) = -35*o - 1. Let n(u) = 35*u + 1. Let x(q) = -7*m(q) - 6*n(q). Let d(r) = -r**2 - 9*r - 13. Let a be d(-2). What are the prime factors of x(a)?
2, 3
Let g be -67 - 1 - (-12)/12. Let f = g + 159. What are the prime factors of f?
2, 23
Let z = -50 - -30. Let n = 34 - z. What are the prime factors of n?
2, 3
Let v be 8904/32 - (-3)/4. Let g = -130 + v. List the prime factors of g.
149
Let s = -8 + -10. Let y = s + 20. Suppose 2*u = y*i + 46, -3*u + 3*i - 2*i + 63 = 0. What are the prime factors of u?
2, 5
Suppose 644 - 135 = i + 5*u, 4*i = -2*u + 1946. List the prime factors of i.
2, 11
Let o be (-3)/(9/2)*36. Let p be (-9)/3 + o/(-2). What are the prime factors of 47/p + 8/(-36)?
5
Suppose 0 = 4*p + 4*l - 136, 2*p + 0*p + 5*l = 59. Suppose -u + 0*u = -p. List the prime factors of u.
37
Suppose -15 = -m - 10. Let q(l) = l**3 - 6*l**2 + 5*l + 2. Let x be q(m). Suppose 0*v + x*v = 22. List the prime factors of v.
11
Suppose 8*g + 2*u = 3*g + 3494, -1392 = -2*g + 2*u. What are the prime factors of g?
2, 349
Let o be 6/8 + 46/(-8). Let v(l) = 2*l**2 - 10*l - 33. What are the prime factors of v(o)?
67
Suppose 0 = -5*d + d + 5*n - 130, 5*n + 20 = -d. Let q(v) = v**2 + 12*v + 5. Let y be q(-10). Let p = y - d. List the prime factors of p.
3, 5
Let g(l) = -123*l - 108. List the prime factors of g(-4).
2, 3
Let k = 5 + -2. Suppose 4*b = s - 98, 507 = 3*s + 2*s - k*b. Suppose 7*f = 4*f + s. List the prime factors of f.
2, 17
Suppose 9991 = 60*i - 108569. List the prime factors of i.
2, 13, 19
Suppose -4*h = -3*u - 10, -u + 2 = 3*h + 1. Let j(c) = -c**2 - c + 2. Let n be j(u). List the prime factors of n + 5/((-10)/(-28)).
2, 7
Suppose -32*c + 2295 = -15*c. List the prime factors of c.
3, 5
Let f = 1997 + -131. What are the prime factors of f?
2, 3, 311
Let l(c) = 3*c**3 - 4*c**2 - c - 3. List the prime factors of l(6).
3, 5, 11
Suppose -8 = -0*t - 4*t. Let v be -3*t*(3 - 1). Let i = v - -20. What are the prime factors of i?
2
Suppose 19*a = -3*g + 14*a + 2004, 0 = -g + a + 660. What are the prime factors of g?
3, 13, 17
Let a(q) = -4*q - 1. Suppose -5*w = 4*k - 65, -5*w + 85 = 5*k + 15. Let x be a(w). Let s = -8 - x. List the prime factors of s.
29
Suppose -q = 225 + 102. Let l = -226 - q. Let r = l - 57. What are the prime factors of r?
2, 11
Let f(m) = m**3 - 9*m**2 + m - 13. Let y be f(9). Let a(z) = -7*z - 13. What are the prime factors of a(y)?
3, 5
Let k(z) = z - 1. Let a be k(6). What are the prime factors of ((-3)/(-9))/(a/375)?
5
Let y be 24/11 + 4/(-22). Let c(r) = 2*r**3 - 3*r**2 + 4*r - 4. Let k be c(y). Suppose 2*b = -3*m + 101, -3*m - 154 = -3*b - k*m. List the prime factors of b.
43
Suppose m + 2*a = 5*m + 18, 2*m + a = 1. Let b be 79/(m/(2 + 0)). Let c = -49 - b. List the prime factors of c.
2, 3, 5
Let f = -12 + 24. List the prime factors of (32/f)/(1/3).
2
Suppose -4*i - 7 + 19 = 0. Let r(u) = 2*u**3 + 2*u**2 - 5*u + 3. What are the prime factors of r(i)?
2, 3, 5
Suppose 2*b - 3503 = -5*y, -3*y = 3*b - b - 2101. What are the prime factors of y?
701
Let t(i) = -3*i + 1. Let r = 0 - 8. List the prime factors of t(r).
5
Suppose -4*u = -12*u + 80. What are the prime factors of u?
2, 5
Let k be -1 - ((-2 - -2) + -3). Suppose 3 = -k*d + 21. Let z = -4 + d. List the prime factors of z.
5
Let r(g) = -6*g + 40. Let q be r(6). List the prime factors of 3/(-4) + q/((-48)/(-1749)).
5, 29
Suppose -l + 3633 = -0*l + 3*h, -3*h = 4*l - 14487. List the prime factors of l.
2, 3, 67
Suppose -6*d + 6 = -3*d. Suppose 3*o - 1 = d*o. Let t(k) = 18*k**3 - 2*k**2 + k. List the prime factors of t(o).
17
Let q be (-1784)/104 - 2/(-13). Suppose 0*n - 5*o - 24 = -n, -2*o - 12 = 2*n. List the prime factors of (-3)/((n/q)/(-1)).
3, 17
Let u = -5 - -9. Suppose -6*o = -2*o + u. What are the prime factors of (-5 - -8)/(o/(-10))?
2, 3, 5
List the prime factors of 8985/30 + 1/4*-6.
2, 149
Let j be 0 + 4 + -3 + 2. Suppose -j*u - 85 = -4*n + 374, 0 = -3*n + 2*u + 343. List the prime factors of n.
3, 37
Let j(m) = m**2 + m + 351. Let q be j(0). Suppose -5*y - 2*z - z + q = 0, 4*y + 5*z = 286. List the prime factors of y.
3, 23
What are the prime factors of ((-2487)/2 + -1)/(118/(-236))?
19, 131
Let y be -2 - ((-2)/2 + 4). Let a = y - -9. Suppose 5*w - 25 = -5*r, a*w + w = 4*r + 16. What are the prime factors of w?
2
Suppose 464 = -5*m + 89. Let s = 84 - m. What are the prime factors of s?
3, 53
Let f(a) = -a**2 - 2*a + 4. Let k be f(2). What are the prime factors of 16 + (-6*1 - k)?
2, 7
Suppose -28*k + 26*k = -60. Let u = 32 + k. What are the prime factors of u?
2, 31
Suppose 8 = -3*w + 7*w. Suppose -w*c - 14 = -22. What are the prime factors of c?
2
Let v be ((-12)/8)/(-3)*0. Suppose -4*x - 20 = v, 2*x - 107 = -2*n - n. List the prime factors of n.
3, 13
Let c be (-7 - -8)*(9 + 0). Let v(i) = -c*i**2 + 3*i - 2 + 5 + 8*i**2. What are the prime factors of v(3)?
3
Suppose -11968 = -9*x + 17804. List the prime factors of x.
2, 827
Let a = -2793 - -3986. List the prime factors of a.
1193
Let a(b) = 2*b + 16. Let p(l) = -l - 16. Let w(c) = -5*a(c) - 6*p(c). List the prime factors of w(-8).
2, 3
Let g(l) = -12*l - 6. Let a be g(-5). Let m be -40*2/(7 - 3). Let y = a - m. List the prime factors of y.
2, 37
Let b be (-27)/(-2)*12/9. Let m = b + -14. What are the prime factors of 34 - m*3/6?
2
Suppose 3*j + 3 = 3*o, 4*j - 36 = -2*o - 2*o. Suppose 0*g - 242 = -j*b + g, 0 = 3*b + g - 185. What are the prime factors of b?
61
Let y = -36 - -38. List the prime factors of y*(2 - (-252)/8).
67
Suppose -98*z - 99484 = -132*z. What are the prime factors of z?
2, 7, 11, 19
List the prime factors of 1 + (852 - (-8 - 2)).
863
Let m be (-18)/(-4) - (-12)/(-8). Let i = m - 2. Suppose 25 = y + i. List the prime factors of y.
2, 3
Suppose -4*z = -0*z - 80. Suppose -z = -4*g, -5*g - 374 = 5*o - 8*o. What are the prime factors of o?
7, 19
Suppose -603*b = -618*b + 12135. What are the prime factors of b?
809
Let l = 90 + -64. What are the prime factors of l?
2, 13
Let i = 127 + 155. List the prime factors of i.
2, 3, 47
Let g be (-240)/(-14) + (-7)/49. Suppose 0*i = -2*y + 5*i - g, -5*y = -4*i. Suppose 3*x + y*k - 65 = -2, -4*k = 5*x - 105. List the prime factors of x.
3, 7
Let w(p) = 43*p - 15. List the prime factors of w(13).
2, 17
Let x be -1 + (-56)/(-20) + 2/10. Let j(c) = 49*c**2 + 3*c - 4. List the prime factors of j(x).
2, 3, 11
Let t = 69 - 68. List the prime factors of 4 + (29 - (t + 0)).
2
